{"id":245,"date":"2023-06-26T08:40:52","date_gmt":"2023-06-26T11:40:52","guid":{"rendered":"https:\/\/demosites.royal-elementor-addons.com\/landing-page-digital-product-v1\/?page_id=7"},"modified":"2025-07-07T18:20:28","modified_gmt":"2025-07-07T21:20:28","slug":"home-landing-page-digital-product-v1","status":"publish","type":"page","link":"https:\/\/acesp71.com.br\/","title":{"rendered":"Home"},"content":{"rendered":"\t\t<div data-elementor-type=\"wp-page\" data-elementor-id=\"245\" class=\"elementor elementor-245\" data-elementor-settings=\"{&quot;ha_cmc_init_switcher&quot;:&quot;no&quot;}\">\n\t\t\t\t\t\t<section class=\"elementor-section elementor-top-section elementor-element elementor-element-61251e9 elementor-section-full_width elementor-section-stretched elementor-section-height-default elementor-section-height-default wpr-particle-no wpr-jarallax-no wpr-parallax-no wpr-sticky-section-no\" data-id=\"61251e9\" data-element_type=\"section\" data-settings=\"{&quot;background_background&quot;:&quot;classic&quot;,&quot;stretch_section&quot;:&quot;section-stretched&quot;,&quot;_ha_eqh_enable&quot;:false}\">\n\t\t\t\t\t\t\t<div class=\"elementor-background-overlay\"><\/div>\n\t\t\t\t\t\t\t<div class=\"elementor-container elementor-column-gap-default\">\n\t\t\t\t\t<div class=\"elementor-column elementor-col-100 elementor-top-column elementor-element elementor-element-4bf74c8 elementor-invisible\" data-id=\"4bf74c8\" data-element_type=\"column\" data-settings=\"{&quot;animation&quot;:&quot;fadeIn&quot;}\">\n\t\t\t<div class=\"elementor-widget-wrap elementor-element-populated\">\n\t\t\t\t\t\t<div class=\"elementor-element elementor-element-6e7e080 elementor-widget elementor-widget-image\" data-id=\"6e7e080\" data-element_type=\"widget\" data-widget_type=\"image.default\">\n\t\t\t\t<div class=\"elementor-widget-container\">\n\t\t\t\t\t\t\t\t\t\t\t\t\t\t\t<img fetchpriority=\"high\" decoding=\"async\" width=\"1280\" height=\"384\" src=\"http:\/\/acesp71.com.br\/wp-content\/uploads\/2025\/07\/WhatsApp-Image-2025-06-27-at-17.09.40.jpeg\" class=\"attachment-full size-full wp-image-495\" alt=\"\" srcset=\"http:\/\/acesp71.com.br\/wp-content\/uploads\/2025\/07\/WhatsApp-Image-2025-06-27-at-17.09.40.jpeg 1280w, http:\/\/acesp71.com.br\/wp-content\/uploads\/2025\/07\/WhatsApp-Image-2025-06-27-at-17.09.40-300x90.jpeg 300w, http:\/\/acesp71.com.br\/wp-content\/uploads\/2025\/07\/WhatsApp-Image-2025-06-27-at-17.09.40-1024x307.jpeg 1024w, http:\/\/acesp71.com.br\/wp-content\/uploads\/2025\/07\/WhatsApp-Image-2025-06-27-at-17.09.40-768x230.jpeg 768w\" sizes=\"(max-width: 1280px) 100vw, 1280px\" \/>\t\t\t\t\t\t\t\t\t\t\t\t\t\t\t<\/div>\n\t\t\t\t<\/div>\n\t\t\t\t\t<\/div>\n\t\t<\/div>\n\t\t\t\t\t<\/div>\n\t\t<\/section>\n\t\t\t\t<section class=\"elementor-section elementor-top-section elementor-element elementor-element-e4b6f4d elementor-section-boxed elementor-section-height-default elementor-section-height-default wpr-particle-no wpr-jarallax-no wpr-parallax-no wpr-sticky-section-no\" data-id=\"e4b6f4d\" data-element_type=\"section\" id=\"features\" data-settings=\"{&quot;_ha_eqh_enable&quot;:false}\">\n\t\t\t\t\t\t<div class=\"elementor-container elementor-column-gap-wide\">\n\t\t\t\t\t<div class=\"elementor-column elementor-col-100 elementor-top-column elementor-element elementor-element-9ade5ba elementor-invisible\" data-id=\"9ade5ba\" data-element_type=\"column\" data-settings=\"{&quot;animation&quot;:&quot;fadeIn&quot;}\">\n\t\t\t<div class=\"elementor-widget-wrap elementor-element-populated\">\n\t\t\t\t\t\t<div class=\"elementor-element elementor-element-340e794 elementor-widget elementor-widget-heading\" data-id=\"340e794\" data-element_type=\"widget\" data-widget_type=\"heading.default\">\n\t\t\t\t<div class=\"elementor-widget-container\">\n\t\t\t\t\t<h2 class=\"elementor-heading-title elementor-size-default\">Associa\u00e7\u00e3o cultural esportiva de S\u00e3o Paulo<\/h2>\t\t\t\t<\/div>\n\t\t\t\t<\/div>\n\t\t\t\t<div class=\"elementor-element elementor-element-3727b53 elementor-widget elementor-widget-heading\" data-id=\"3727b53\" data-element_type=\"widget\" data-widget_type=\"heading.default\">\n\t\t\t\t<div class=\"elementor-widget-container\">\n\t\t\t\t\t<h2 class=\"elementor-heading-title elementor-size-default\">Conhe\u00e7a um pouco sobre n\u00f3s<\/h2>\t\t\t\t<\/div>\n\t\t\t\t<\/div>\n\t\t\t\t<div class=\"elementor-element elementor-element-31c9a9a elementor-widget elementor-widget-text-editor\" data-id=\"31c9a9a\" data-element_type=\"widget\" data-widget_type=\"text-editor.default\">\n\t\t\t\t<div class=\"elementor-widget-container\">\n\t\t\t\t\t\t\t\t\t<p>A ACESP (Associa\u00e7\u00e3o Cultural Esportiva de S\u00e3o Paulo) \u00e9 uma entidade que, desde sua funda\u00e7\u00e3o em 2 de outubro de 2000, tem se dedicado a promover e desenvolver projetos nas \u00e1reas de esporte e cultura.<\/p><p>Ao longo dos anos, a associa\u00e7\u00e3o tem se esfor\u00e7ado para impactar positivamente a comunidade, oferecendo oportunidades para o desenvolvimento esportivo e cultural de seus membros.Os projetos realizados pela ACESP refletem um compromisso com a inclus\u00e3o e a promo\u00e7\u00e3o de atividades que enriquecem a vida dos participantes.<\/p><p>Seja atrav\u00e9s de competi\u00e7\u00f5es esportivas, eventos culturais ou iniciativas educativas, a ACESP tem buscado criar um ambiente vibrante e acolhedor para todos.<\/p>\t\t\t\t\t\t\t\t<\/div>\n\t\t\t\t<\/div>\n\t\t\t\t\t<\/div>\n\t\t<\/div>\n\t\t\t\t\t<\/div>\n\t\t<\/section>\n\t\t\t\t<\/div>\n\t\t","protected":false},"excerpt":{"rendered":"<p>Associa\u00e7\u00e3o cultural esportiva de S\u00e3o Paulo Conhe\u00e7a um pouco sobre n\u00f3s A ACESP (Associa\u00e7\u00e3o Cultural Esportiva de S\u00e3o Paulo) \u00e9 uma entidade que, desde sua funda\u00e7\u00e3o em 2 de outubro de 2000, tem se dedicado a promover e desenvolver projetos nas \u00e1reas de esporte e cultura. Ao longo dos anos, a associa\u00e7\u00e3o tem se esfor\u00e7ado para impactar positivamente a comunidade, oferecendo oportunidades para o desenvolvimento esportivo e cultural de seus membros.Os projetos realizados pela ACESP refletem um compromisso com a inclus\u00e3o e a promo\u00e7\u00e3o de atividades que enriquecem a vida dos participantes. Seja atrav\u00e9s de competi\u00e7\u00f5es esportivas, eventos culturais ou iniciativas educativas, a ACESP tem buscado criar um ambiente vibrante e acolhedor para todos.<\/p>\n","protected":false},"author":1,"featured_media":0,"parent":0,"menu_order":0,"comment_status":"closed","ping_status":"closed","template":"elementor_canvas","meta":{"footnotes":""},"class_list":["post-245","page","type-page","status-publish","hentry"],"_links":{"self":[{"href":"https:\/\/acesp71.com.br\/index.php\/wp-json\/wp\/v2\/pages\/245","targetHints":{"allow":["GET"]}}],"collection":[{"href":"https:\/\/acesp71.com.br\/index.php\/wp-json\/wp\/v2\/pages"}],"about":[{"href":"https:\/\/acesp71.com.br\/index.php\/wp-json\/wp\/v2\/types\/page"}],"author":[{"embeddable":true,"href":"https:\/\/acesp71.com.br\/index.php\/wp-json\/wp\/v2\/users\/1"}],"replies":[{"embeddable":true,"href":"https:\/\/acesp71.com.br\/index.php\/wp-json\/wp\/v2\/comments?post=245"}],"version-history":[{"count":12,"href":"https:\/\/acesp71.com.br\/index.php\/wp-json\/wp\/v2\/pages\/245\/revisions"}],"predecessor-version":[{"id":539,"href":"https:\/\/acesp71.com.br\/index.php\/wp-json\/wp\/v2\/pages\/245\/revisions\/539"}],"wp:attachment":[{"href":"https:\/\/acesp71.com.br\/index.php\/wp-json\/wp\/v2\/media?parent=245"}],"curies":[{"name":"wp","href":"https:\/\/api.w.org\/{rel}","templated":true}]}}